s the remainder when 33 is divided by m?
6
Let o = 20117 + -20078. What is the remainder when o is divided by (-84)/(-10) + 8/(-20)?
7
Let z(u) = 2*u - 26. Let c be z(-7). Let g be (-16)/c + (-2)/5. Suppose -5*b + 65 = -g*b. Calculate the remainder when 22 is divided by b.
9
Let k be 4/(-2 + 3) - -1. Suppose k = -4*z + 45. Calculate the remainder when (-7 - (-1 + -3) - 0)*-11 is divided by z.
3
Let d(j) = -j**2 + 40*j - 42. Let f be d(39). Calculate the remainder when ((-369)/f)/(3/4) is divided by 85.
79
What is the remainder when 90 is divided by 7 - (112/32)/((-2)/4)?
6
Let l = 19260 + -6580. Calculate the remainder when l is divided by 11.
8
Let u = 56 + 30. Let b = -50 + u. What is the remainder when b is divided by ((-104)/(-24))/1*3?
10
Let m(r) = r**3 + 5*r**2 - 46*r. Calculate the remainder when m(-5) is divided by 116.
114
Let l = 699 + -676. What is the remainder when 158 is divided by l?
20
Let g(y) = -y**2 + 7*y + 7. Let h be g(9). Let x = 14 + h. Suppose -x*u + 5*z + 193 = 0, 4*z + 9 - 79 = -u. What is the remainder when u is divided by 23?
20
Suppose 102 = -15*d - 468. Let g = 55 + d. Suppose 0 = 5*v + 20 - 50. What is the remainder when g is divided by v?
5
Let h(i) = 2*i + 2. Let l be (2/1 - 164)*12/(-24). Let r = 104 - l. Calculate the remainder when r is divided by h(6).
9
Let v(t) = 6*t**2 - 26*t + 104. Let i be v(6). Let c = 576 - i. What is the remainder when c is divided by 32?
28
Suppose 0 = -z + 2 - 0. Let o(i) = 3*i - 14*i - 2*i**z - 6 + 0 - 12*i. Calculate the remainder when o(-9) is divided by 5.
4
Let k = -67 + 50. Let n = k - -15. Calculate the remainder when 6 is divided by n/(-4) + 207/46.
1
Suppose 0 = -4*y - 5*q + 239, -2*y + 4*q = q - 147. Let t = 994 + -977. Calculate the remainder when y is divided by t.
15
Calculate the remainder when 6152/14 + 135/(-315) is divided by 34.
31
Let r = 32886 - 31094. What is the remainder when r is divided by 439?
36
Suppose 6 = -3*p + 21. Suppose -n - p = -44. What is the remainder when n is divided by (-2)/(-9) - 356/(-18)?
19
Let y = 28025 + -27714. Calculate the remainder when y is divided by 38.
7
Let l(g) = -11*g**2 - g**3 + 14 + 44*g - 24*g - 15*g. Let o be l(-11). Let h = -23 - o. Calculate the remainder when h is divided by 5.
3
Let b = -19 + 13. Suppose 4*t - 260 = 123*l - 119*l, 0 = -3*l - t - 199. Calculate the remainder when ((-56)/b + 2)/((-11)/l) is divided by 36.
32
Let t be 22/(-8) + 3 + (-1458)/(-24). Suppose 2*x + 47 = 5*x + p, -4*x = p - t. What is the remainder when 53 is divided by x?
11
Calculate the remainder when (-12 - -12) + (282 - -4) is divided by 90.
16
Suppose 3*a + 7*j - 55 = 2*j, 12 = -3*j. Suppose 4*d - m = -343 - 262, d + 130 = -4*m. Let f = d + 273. Calculate the remainder when f is divided by a.
23
Let h(g) = 11*g**2 - 16*g - 4. Let z be h(-2). Let a = z + -17. What is the remainder when a is divided by 13?
3
Let b(t) = -t + 22. Let x be 22/3*(-9)/3. Let o(j) = j**2 + j + 16. Calculate the remainder when b(x) is divided by o(0).
12
Let y(a) = a**2 + 10*a + 52. Let p = -84 + 65. What is the remainder when y(p) is divided by 32?
31
Suppose -21*o + 32*o - 44 = 0. Let x(z) = 2*z**3 - 5*z**2 + 4*z - 5. Calculate the remainder when 234 is divided by x(o).
57
Let x(h) = -h**3 - 4*h**2 + 3*h + 2. Let y(z) = 3*z**3 + 60*z**2 - 8*z - 79. Calculate the remainder when y(-20) is divided by x(-5).
9
Suppose -3*s - 3*a = 2*a - 127, -3*s + 3*a + 111 = 0. Let n(j) = -15*j - 11. What is the remainder when s is divided by n(-2)?
1
Suppose -a = 19*a - 88120. What is the remainder when a is divided by 63?
59
Suppose -4*w + 2*w = 34. Let b = w + 71. Suppose -5*v = 20, 0 = -2*t - 3*t + v + b. What is the remainder when 59 is divided by t?
9
Suppose 0*x - 41*x + 8*x + 363 = 0. Calculate the remainder when 1900 is divided by x.
8
Let b(r) = -79*r**3 + 2*r + 168*r**3 - 87*r**3 - 6*r**2 + 11 - 7*r. What is the remainder when b(5) is divided by 30?
26
Let y = 365 + -649. Let q = y + 297. What is the remainder when 110 is divided by q?
6
Suppose -5*g + 922 = 4*y + 21, -3*g + 3*y + 546 = 0. Let z = 3 + 117. Suppose 6*u - u + 5*v = z, 4*u - 2*v = 90. Calculate the remainder when g is divided by u.
20
Let z = -458 + 656. Calculate the remainder when 768 is divided by z.
174
Suppose -2*i + 4*y - 4320 = -6*i, -5*i + 5404 = 4*y. Suppose 11*d - i = 137. Calculate the remainder when d is divided by 36.
3
Suppose 17*g + 60 = 37*g. Calculate the remainder when 7 is divided by g*-1*11/(-11).
1
What is the remainder when (-16 + 11430/(-75))/((-2)/5) is divided by 4?
1
Let k = 199 - 98. Let o be (-26 - -3)*1/(-1). Suppose o + 28 = 3*s. Calculate the remainder when k is divided by s.
16
Suppose -7*l + 6 = 2*f - 2*l, -4*l = -5*f + 15. Let p(r) = -17 + 14734*r - 7360*r - 7357*r. Calculate the remainder when p(f) is divided by 12.
10
Suppose 16*z = 12*z + 32. Suppose -2*r = -z, -7 = -n + 5*r + 133. Suppose 4*v - n = -5*q, -4*v = -2*v - q - 66. What is the remainder when 102 is divided by v?
32
Let z(p) = -p**3 + 15*p**2 + 5*p + 10. Let r = 3010 + -3002. Calculate the remainder when z(15) is divided by r.
5
Let q(f) = -7*f**2 - 8*f + 50. Let m(d) = -d**2 - 2*d - 1. Let i(v) = 6*m(v) - q(v). What is the remainder when 40 is divided by i(-7)?
19
Suppose 8*c = 1 + 39. Calculate the remainder when 1*(-1)/c + (-680)/(-25) is divided by 7.
6
Let f(k) = 5*k. Let x = -262241 + 262640. What is the remainder when x is divided by f(5)?
24
Let s(v) = 2*v**3 + 219*v**2 + 85*v - 1525. What is the remainder when s(-109) is divided by 65?
51
Let n be (122/(-4))/(4 - (-63)/(-14)). Suppose -n + 20 = -z. What is the remainder when z is divided by 2/(8/(-10))*-6?
11
Let v = 377 + -371. Suppose -v*z - 6*z + 444 = 0. Calculate the remainder when 591 is divided by z.
36
Suppose 4*b + 1020 = -4*r - b, -2*r = -3*b + 532. Let y(i) = i**2 - 7*i + 6. Let q be y(7). Calculate the remainder when q*(r/(-6))/5 is divided by 18.
16
Suppose -340 = -4*p - 3*b, b + 21 = -4*p + 361. Calculate the remainder when p is divided by 29.
27
Let d(i) = -i**2 + 106*i - 633. What is the remainder when d(83) is divided by 18?
16
Let m(j) = 11*j + 138. Let k be m(11). Suppose -184*f = -185*f + k. Calculate the remainder when f is divided by 8.
3
Let o be (-4 + 1)*6/18. Let p be (-1 - o - -3) + 2. Suppose -p*t + 2*t - 2*b + 41 = 0, 5*t - b = 51. Calculate the remainder when 32 is divided by t.
10
Let o(k) = 9*k**2 - 914*k - 229. Calculate the remainder when 1095 is divided by o(102).
21
Let d = -106 - -198. Suppose 17*n - 13*n = d. Calculate the remainder when n is divided by 7.
2
Suppose -11*s + 5*s + 16537 = 17*s. Calculate the remainder when s is divided by 123.
104
Suppose 4*v = -g + 217, 3*v - g = g + 149. Let b = 68 - v. Calculate the remainder when 116 is divided by b.
11
Suppose 170*s - 169*s - 34 = 0. Suppose -92 - s = -9*v. Calculate the remainder when 64 is divided by v.
8
Let k = -9852 - -9934. Calculate the remainder when 246 is divided by k.
0
What is the remainder when 183 is divided by 37*14/(2 - -12)?
35
Suppose -180 = -5*j + 5*t, -14*t = -4*t - 30. Suppose -n + x - 3*x + 220 = 0, 1115 = 5*n + 5*x. Calculate the remainder when n is divided by j.
31
Let o be (4 + 4 + -4)*-1. Let l be o/(-6) - (-24)/18. Suppose l*m - 5 = 3*n, 4*m - 15 = 2*n - n. What is the remainder when 12 is divided by m?
0
Suppose 0 = -4*q - 2*k + 20, 3*q + q - 24 = -4*k. Let n(x) = 4*x**2 - 3*x + 6. Let h be n(q). Let d = h - 34. Calculate the remainder when 46 is divided by d.
22
Let z(f) = 18*f - 29. Let v be z(-5). Let n = -50 - v. Let s(j) = -2*j + 2. What is the remainder when n is divided by s(-5)?
9
Let h = -1465 + 2223. Calculate the remainder when h is divided by 40.
38
Let s(u) = -u**3 + 4*u**2 - u - 5. Let g be s(3). Let k = g + 40. Suppose -t + 2*n = -120, 7*t + 5*n = 2*t + 585. What is the remainder when t is divided by k?
36
Let q = -87 + 189. Let n = 13 - 13. Suppose 7*u - 72 - 110 = n. Calculate the remainder when q is divided by u.
24
Suppose -2*x - 396 = 2*x. Let y = 10 - x. Suppose -o + 140 = 4*o. What is the remainder when y is divided by o?
25
Let i = -43 - -115. What is the remainder when i is divided by 296/(-56) - -5 - 177/(-7)?
22
Let n = 408 + -417. Let f(x) = -x**3 - 6*x**2 - 12*x - 4. What is the remainder when f(n